r of 135 and x.
15
Suppose 13*d - 24601 = 36655. Calculate the greatest common factor of d and 76.
76
Let k = 7915 - 7515. Calculate the highest common factor of 90 and k.
10
Let m be (-4 + (-48)/(-10))*(2264 + -4). What is the highest common divisor of m and 339?
113
Let v(b) = -8*b + 92. Let l be (-6)/(168/(-77))*4. Let p be v(l). What is the highest common divisor of p and 7?
1
Let h = -70 - -79. Let s(d) = -d**3 - 46*d**2 + 45*d - 67. Let y be s(-47). What is the greatest common factor of h and y?
9
Let b = -6641 - -6667. Let u(p) = p**3 + 6*p**2 - 10*p - 15. Let m be u(-7). What is the greatest common factor of m and b?
2
Let p(r) = 12*r**2 - 2. Let u be p(3). Suppose -5*m - 189 = -3*i, 0 = 4*i - m - 120 - 98. What is the greatest common divisor of u and i?
53
Let j = 36 - 33. Let p be 259/49 + j/(42/(-4)). Suppose -p*w - 2*w = -112. What is the highest common factor of w and 4?
4
Let o = -32 - -34. Suppose -o*v + 2*h + 2*h + 58 = 0, 3*h = -3. What is the highest common factor of v and 18?
9
Let i(v) = v**2 + 14*v + 5. Let d be i(-6). Let f = 44 + d. Let y be -42*(-7)/28*f*2. What is the greatest common factor of y and 63?
21
Let f(a) = -6*a + 70. Let j be f(-17). Let p be ((-64)/6)/(-1 + j/180). What is the greatest common factor of p and 10?
10
Let l(w) = -w**3 + w**2 + 8*w + 3. Let g be l(5). Let z = -56 - g. Let t = 10 + z. What is the greatest common divisor of 11 and t?
11
Let m(c) = -1005*c**3 - 2*c**2 + 4*c - 3. Let g be m(1). Let f = g + 1050. What is the greatest common factor of 32 and f?
4
Suppose 2*v - 271 = -5*i - 77, -94 = -v - i. Let p = -82 - -186. Suppose 12 - p = -4*y. Calculate the highest common divisor of v and y.
23
Let s = -30 + 52. Let i be s*-1*((-72)/(-16) + -9). Calculate the greatest common divisor of i and 66.
33
Suppose -4*x + 20 = 4*g - 6*x, -4*x + 15 = 3*g. Suppose -6*c + 9*c + o - 1482 = 0, -c - g*o + 508 = 0. Calculate the highest common factor of c and 34.
17
Suppose 7*x + 40 = 11*x. Let v(n) = n**3 + 14*n**2 - 37*n + 1. Let o be v(-16). Suppose -99 = -2*u + o. Calculate the highest common factor of x and u.
10
Let t be 1/((-37)/(-296) - (-1)/8). Let m(d) = 41*d - 150. Let l be m(t). What is the greatest common divisor of l and 1470?
14
Let f be (-1928)/(-44) - 5/110*-4. Calculate the greatest common factor of 66 and f.
22
Let g be -6*1/((-11)/(-11)) - -183. Calculate the highest common factor of 2419 and g.
59
Suppose 0 = 5*x - 2*j - 552, 2*x - 6*j + 3*j - 212 = 0. Suppose -110*y + 2118 - 578 = 0. Calculate the greatest common divisor of y and x.
14
Let m(q) = q**2 - 6*q - 25. Let b be m(-3). Suppose -3*x - t = -84, b*x - 38 - 18 = t. Calculate the greatest common divisor of x and 182.
14
Let n be -12 - -3 - (-366 - 5). Let w = -268 + n. Calculate the greatest common factor of 47 and w.
47
Let m = 27782 + 6564. What is the highest common divisor of m and 26?
26
Suppose 3*b + 6*g - 1772 = 7*g, -b + 580 = 5*g. What is the greatest common factor of b and 236?
118
Suppose -5063 - 22 = -5*f + 5*a, -5*f - 5*a = -5115. What is the greatest common divisor of 60 and f?
60
Suppose -82 = -2*w - 16. Let d = w + -25. Suppose -15*k + 10*k = -280. Calculate the highest common factor of k and d.
8
Let t = 26 + -23. Let u(d) = 10*d - 16. Let k be u(t). Let q = -172 + 242. Calculate the highest common divisor of k and q.
14
Suppose 4*i = -s + 10830, 722*s + 4*i - 21680 = 720*s. Calculate the highest common divisor of 186 and s.
62
Let j(g) = -g**3 + 5*g**2 + 10*g - 8. Let p be j(6). Suppose 5*b - 3*m + 628 - 726 = 0, -5*m - 30 = 0. Calculate the greatest common divisor of b and p.
16
Let z = 126 + -124. Suppose 865 = 4*r + 5*l, -2*l = -z*r + r + 213. Calculate the greatest common divisor of r and 43.
43
Let j be 3*140/((-16)/(-4)). Suppose -57*l - 29 = -58*l. Suppose l - 8 = 3*d. What is the greatest common factor of d and j?
7
Suppose -33*m = -40*m + 700. Let l = 31 - 36. Let k = l - -45. What is the greatest common factor of m and k?
20
Let q(c) = c**3 + 25*c**2 + c - 35. Let g be q(-11). Suppose 15*z = g + 2627. Calculate the greatest common divisor of z and 15.
15
Suppose 0 = 3*x + 2*t - 22840, -t - 22825 = -3*x - 0*x. Suppose x = 17*y + 1184. What is the greatest common divisor of y and 84?
42
Let k(i) = -2*i**2 - 25*i + 57. Let h be k(-14). Calculate the highest common divisor of 480 and h.
15
Suppose -53*i - 25*i + 2774772 = 0. Calculate the highest common divisor of 484 and i.
242
Suppose f + r - 21 = 0, -3*f + 4*f = 4*r - 4. What is the greatest common divisor of 30 and f?
2
Suppose 0 = -3*d + 4*s + 10 + 78, -4*d + 4*s = -112. Calculate the greatest common divisor of d and 50.
2
Suppose 5*n + 3*s - 2123 = 4827, 6970 = 5*n - s. What is the highest common divisor of 3383 and n?
199
Let w be ((-5)/(-10))/((23/(-20))/(-23)). Let x = 6 - -2. Suppose -5*t = -x - 2. Calculate the highest common factor of w and t.
2
Let k = 7634 - 7154. What is the greatest common factor of 345 and k?
15
Suppose -1932 - 2480 = -20*y - 972. Let s = 1 + 3. Calculate the greatest common factor of y and s.
4
Suppose -8*l - 6 = -5*l. Let s be (-66)/9*((-5 - l) + -3). What is the greatest common divisor of 352 and s?
44
Let k(m) = -m + 9. Let a be k(5). Let z be (4 - (a + 4)) + 4. Let v(l) = -2*l**2 + 77. Let n be v(z). Calculate the greatest common factor of 22 and n.
11
Let t = 1166 - 1122. Calculate the greatest common divisor of t and 116.
4
Suppose -24*y + 23*y - 57 = -4*x, 51 = 4*x + 5*y. Calculate the greatest common factor of x and 2443.
7
Let f = 11443 + -11419. What is the greatest common factor of 3064 and f?
8
Let x = 44 - 39. Suppose 4*s = 11*q - 13*q + 12, x*s + 5 = 0. Calculate the highest common factor of q and 376.
8
Suppose 0 = -v + 3*v - 8. Suppose w + 5 = -6*i + 28, 0 = -4*i + 3*w - 3. Suppose 0 = v*g + i*g - 1295. What is the highest common factor of 74 and g?
37
Suppose -3*k - 20*c + 17*c + 972 = 0, -6*k + 4*c + 1904 = 0. Calculate the greatest common divisor of k and 5888.
64
Let t = -13 - 9. Let j = 1987 - 1998. Let i = j - t. Calculate the highest common divisor of i and 22.
11
Suppose 0*c + 3*m + 225 = 3*c, 4*c - 305 = 5*m. Suppose -9*x - 28 + 388 = 0. Suppose 0 = 37*l - 33*l - x. What is the greatest common divisor of l and c?
10
Suppose -76*f + 77*f - 9852 = y, -4*f = -3*y - 39411. Calculate the highest common factor of 135 and f.
135
Let n(h) = 941*h**2 - 467*h**2 - 473*h**2 - 20 - 17*h. Let i be n(21). Calculate the greatest common factor of 8 and i.
8
Suppose -3*i - 17 = -4*n, -3*n - i = 2*n - 7. Suppose 8*j - 7*j - 102 = -w, -474 = -5*w + 4*j. What is the highest common divisor of w and n?
2
Let z(p) = -p**3 + 3*p + 4. Let l be z(-4). Suppose h - c = 6*h - 41, 0 = 3*h + 3*c - 27. What is the greatest common factor of l and h?
8
Let o = 7984 + -7839. What is the highest common divisor of 1856 and o?
29
Suppose -16 = 4*d + p, -3*d + 5*p = d + 40. Let h be d/(-5)*(9 - -11). Calculate the highest common divisor of h and 130.
10
Suppose 5*i - 2*x = 3463, 64*i - 1388 = 62*i - 2*x. Calculate the highest common factor of i and 2376.
99
Let v be (825/15)/(2/22). What is the highest common divisor of v and 275?
55
Let n = 53072 - 31773. Calculate the highest common divisor of n and 59.
59
Let b be 8/18 - (-393)/27. Suppose -14*m = -11*m - b. Let f be (18/3)/(3/20). What is the highest common divisor of f and m?
5
Let y(u) = 52*u + 599. Let w be y(-11). Let j(k) = -123*k + 12. Let g be j(8). Let o be ((-5)/10)/(2/g). What is the highest common factor of w and o?
27
Let u = -226 - -618. Let z = 712 - u. Suppose 3*f + 114 = 3*a, 139 + 15 = 4*a - 3*f. What is the highest common divisor of z and a?
40
Let t = -11 - -13. Suppose -t*s + 227 = -39. Suppose 38 = -q + 2*q. Calculate the greatest common factor of q and s.
19
Suppose -2*j + 7*j - 225 = 0. Suppose 0 = -2*t - 4*r - r + 16, -10 = -2*t - 2*r. Suppose t*g - 8*g + 1800 = 0. Calculate the greatest common divisor of j and g.
45
Suppose -123 = -5*s + j, 5*s = -5*j - 26 + 131. Let l(u) = u**2 - 172*u + 3387. Let b be l(19). Calculate the greatest common factor of b and s.
24
Suppose -4*p - 104 = -4*m, -m - p + 30 = -0*p. Let f be m/2 - (-1 - -1). Let i = 5028 + -4888. Calculate the greatest common divisor of f and i.
14
Let d be (-6)/21 - 1/(14/(-256)). What is the grea